s divided by 304.
167
What is the remainder when 21908 is divided by 332?
328
What is the remainder when 148059 is divided by 14?
9
Calculate the remainder when 141236 is divided by 141225.
11
What is the remainder when 181032 is divided by 469?
467
Calculate the remainder when 7319 is divided by 2267.
518
What is the remainder when 10639 is divided by 184?
151
What is the remainder when 102020 is divided by 12?
8
Calculate the remainder when 57833 is divided by 139.
9
Calculate the remainder when 1652 is divided by 1179.
473
Calculate the remainder when 38672 is divided by 12890.
2
Calculate the remainder when 6820 is divided by 9.
7
What is the remainder when 130934 is divided by 8?
6
What is the remainder when 1707 is divided by 196?
139
Calculate the remainder when 20879 is divided by 303.
275
Calculate the remainder when 154 is divided by 1.
0
What is the remainder when 18168 is divided by 61?
51
What is the remainder when 76785 is divided by 150?
135
What is the remainder when 21229 is divided by 592?
509
What is the remainder when 19081 is divided by 203?
202
Calculate the remainder when 872016 is divided by 24.
0
What is the remainder when 23242 is divided by 109?
25
Calculate the remainder when 129434 is divided by 81.
77
What is the remainder when 93338 is divided by 260?
258
What is the remainder when 294471 is divided by 98146?
33
Calculate the remainder when 8761198 is divided by 14.
12
What is the remainder when 1436 is divided by 46?
10
What is the remainder when 14269779 is divided by 98?
97
Calculate the remainder when 62720 is divided by 1120.
0
Calculate the remainder when 38538 is divided by 9627.
30
What is the remainder when 1221 is divided by 1168?
53
Calculate the remainder when 3782492 is divided by 13.
12
What is the remainder when 1185 is divided by 217?
100
What is the remainder when 37348 is divided by 9?
7
Calculate the remainder when 20038 is divided by 877.
744
Calculate the remainder when 127361 is divided by 91.
52
Calculate the remainder when 4965937 is divided by 99.
97
What is the remainder when 34805 is divided by 159?
143
What is the remainder when 118827 is divided by 510?
507
What is the remainder when 294914 is divided by 10?
4
Calculate the remainder when 11425 is divided by 106.
83
What is the remainder when 25561 is divided by 1833?
1732
Calculate the remainder when 15276 is divided by 56.
44
What is the remainder when 4026 is divided by 1182?
480
What is the remainder when 260396 is divided by 775?
771
What is the remainder when 449 is divided by 432?
17
Calculate the remainder when 10261 is divided by 2047.
26
Calculate the remainder when 5971 is divided by 101.
12
Calculate the remainder when 5288 is divided by 1976.
1336
What is the remainder when 9449 is divided by 25?
24
What is the remainder when 12550 is divided by 5943?
664
What is the remainder when 22674 is divided by 11311?
52
What is the remainder when 1149066 is divided by 74?
68
Calculate the remainder when 1057699 is divided by 1511.
1510
What is the remainder when 3167862 is divided by 1055954?
0
What is the remainder when 935521 is divided by 133?
132
Calculate the remainder when 39710 is divided by 39.
8
What is the remainder when 48548 is divided by 59?
50
Calculate the remainder when 7736 is divided by 1924.
40
What is the remainder when 1386 is divided by 41?
33
What is the remainder when 68733 is divided by 26?
15
What is the remainder when 25892 is divided by 166?
162
What is the remainder when 37177 is divided by 27?
25
Calculate the remainder when 2239 is divided by 205.
189
What is the remainder when 189319 is divided by 17?
7
Calculate the remainder when 353627 is divided by 171.
170
Calculate the remainder when 50815 is divided by 16.
15
What is the remainder when 506696 is divided by 30?
26
What is the remainder when 7953 is divided by 117?
114
Calculate the remainder when 1229 is divided by 105.
74
Calculate the remainder when 268526 is divided by 167.
157
What is the remainder when 206594 is divided by 3898?
0
Calculate the remainder when 29987 is divided by 196.
195
Calculate the remainder when 4382 is divided by 86.
82
Calculate the remainder when 2721 is divided by 387.
12
Calculate the remainder when 146694 is divided by 489.
483
Calculate the remainder when 208803 is divided by 6960.
3
What is the remainder when 28348 is divided by 103?
23
Calculate the remainder when 42688 is divided by 10646.
104
What is the remainder when 6094 is divided by 113?
105
Calculate the remainder when 7825 is divided by 2554.
163
What is the remainder when 988522 is divided by 54?
52
What is the remainder when 2425251 is divided by 34?
31
What is the remainder when 31141 is divided by 86?
9
What is the remainder when 2451 is divided by 111?
9
What is the remainder when 39405 is divided by 104?
93
What is the remainder when 4853 is divided by 1?
0
What is the remainder when 1027 is divided by 484?
59
Calculate the remainder when 15195 is divided by 13.
11
What is the remainder when 203112 is divided by 41?
39
What is the remainder when 15768 is divided by 1576?
8
What is the remainder when 253470 is divided by 32?
30
Calculate the remainder when 44250 is divided by 173.
135
What is the remainder when 21053 is divided by 201?
149
What is the remainder when 274 is divided by 6?
4
Calculate the remainder when 10772 is divided by 45.
17
What is the remainder when 4213 is divided by 70?
13
Calculate the remainder when 2459 is divided by 721.
296
What is the remainder when 1863 is divided by 70?
43
Calculate the remainder when 36223 is divided by 5965.
433
Calculate the remainder when 34758 is divided by 158.
156
What is the remainder when 6533 is divided by 718?
71
Calculate the remainder when 24269 is divided by 204.
197
What is the remainder when 124272 is divided by 31061?
28
Calculate the remainder when 1263541 is divided by 118.
115
What is the remainder when 61212 is divided by 17?
12
What is the remainder when 166490 is divided by 555?
545
What is the remainder when 3964 is divided by 30?
4
What is the remainder when 22411 is divided by 7404?
199
Calculate the remainder when 2223 is divided by 1901.
322
What is the remainder when 30971 is divided by 251?
98
What is the remainder when 352167 is divided by 315?
312
What is the remainder when 6220 is divided by 127?
124
Calculate the remainder when 8784 is divided by 2862.
198
Calculate the remainder when 3001 is divided by 1496.
9
Calculate the remainder when 84905 is divided by 28298.
11
What is the remainder when 7401 is divided by 715?
251
What is the remainder when 43430 is divided by 13?
10
What is the remainder when 1597 is divided by 652?
293
Calculate the remainder when 1711 is divided by 354.
295
Calculate the remainder when 7912 is divided by 1037.
653
What is the remainder when 63179 is divided by 1018?
63
Calculate the remainder when 277284 is divided by 17.
14
What is the remainder when 526 is divided by 105?
1
Calculate the remainder when 66123 is divided by 122.
121
Calculate the remainder when 11977 is divided by 192.
73
What is the remainder when 205037 is divided by 110?
107
Calculate the remainder when 55994 is divided by 1740.
314
Calculate the remainder when 227 is divided by 11.
7
Calculate the remainder when 409926 is divided by 3660.
6
Calculate the remainder when 33509 is divided by 349.
5
Calculate the remainder when 6169 is divided by 88.
9
What is the remainder when 13245 is divided by 26?
11
What is the remainder when 4132 is divided by 296?
284
Calculate the remainder when 98735 is divided by 66.
65
Calculate the remainder when 308242 is divided by 1052.
6
Calculate the remainder when 30409 is divided by 267.
238
Calculate the remainder when 17466 is divided by 62.
44
What is the remainder when 6633 is divided by 7?
4
Calculate the remainder when 72459 is divided by 36206.
47
What is the remainder when 624704 is divided by 89?
13
Calculate the remainder when 4216 is divided by 693.
58
Calculate the remainder when 32851 is divided by 13.
0
What is the remainder when 49750 is divided by 157?
138
What is the remainder when 5051 is divided by 623?
67
Calculate the remainder when 27090 is divided by 13530.
30
Calculate the remainder when 21693 is divided 